is the hundreds digit of 17231314?
3
What is the hundreds digit of 17744514?
5
What is the tens digit of 1497032?
3
What is the units digit of 37283?
3
What is the tens digit of 17417033?
3
What is the hundreds digit of 830644?
6
What is the millions digit of 33648740?
3
What is the units digit of 216132?
2
What is the units digit of 214066?
6
What is the hundred thousands digit of 1326354?
3
What is the hundred thousands digit of 3649339?
6
What is the hundred thousands digit of 2911703?
9
What is the units digit of 6058513?
3
What is the ten thousands digit of 22578027?
7
What is the hundreds digit of 795971?
9
What is the units digit of 917281?
1
What is the ten thousands digit of 290310?
9
What is the hundreds digit of 306618?
6
What is the millions digit of 6616561?
6
What is the thousands digit of 30344?
0
What is the ten millions digit of 27883915?
2
What is the hundreds digit of 685621?
6
What is the hundreds digit of 270340?
3
What is the hundred thousands digit of 4617306?
6
What is the tens digit of 1365775?
7
What is the hundreds digit of 9304928?
9
What is the thousands digit of 114233?
4
What is the ten thousands digit of 281143?
8
What is the units digit of 339629?
9
What is the units digit of 2694616?
6
What is the hundred thousands digit of 16822036?
8
What is the ten thousands digit of 394602?
9
What is the hundred thousands digit of 795370?
7
What is the hundreds digit of 12400405?
4
What is the thousands digit of 165087?
5
What is the millions digit of 3993316?
3
What is the ten thousands digit of 2161715?
6
What is the ten thousands digit of 86443?
8
What is the hundred thousands digit of 1257351?
2
What is the hundred thousands digit of 1245708?
2
What is the tens digit of 636151?
5
What is the ten thousands digit of 621530?
2
What is the units digit of 18030576?
6
What is the ten thousands digit of 7656249?
5
What is the ten thousands digit of 8385294?
8
What is the hundreds digit of 13770692?
6
What is the hundreds digit of 3154854?
8
What is the ten thousands digit of 3597547?
9
What is the units digit of 34722?
2
What is the ten thousands digit of 134799?
3
What is the hundred thousands digit of 967563?
9
What is the hundreds digit of 353461?
4
What is the hundreds digit of 2584661?
6
What is the thousands digit of 67384?
7
What is the thousands digit of 9585284?
5
What is the tens digit of 4085416?
1
What is the units digit of 1466710?
0
What is the ten thousands digit of 1140889?
4
What is the hundred thousands digit of 511296?
5
What is the hundred thousands digit of 120272?
1
What is the ten millions digit of 10774010?
1
What is the tens digit of 11956825?
2
What is the hundred thousands digit of 1971698?
9
What is the tens digit of 4988932?
3
What is the hundred thousands digit of 1563280?
5
What is the hundreds digit of 91167?
1
What is the thousands digit of 223703?
3
What is the hundreds digit of 486608?
6
What is the units digit of 30946?
6
What is the hundred thousands digit of 192728?
1
What is the tens digit of 8771253?
5
What is the units digit of 239975?
5
What is the hundred thousands digit of 516115?
5
What is the units digit of 952865?
5
What is the ten millions digit of 13225704?
1
What is the hundred thousands digit of 367178?
3
What is the thousands digit of 1020540?
0
What is the units digit of 5108854?
4
What is the tens digit of 8497404?
0
What is the ten thousands digit of 40896467?
9
What is the thousands digit of 648709?
8
What is the hundreds digit of 10135647?
6
What is the units digit of 1298647?
7
What is the tens digit of 4201422?
2
What is the hundreds digit of 1167170?
1
What is the hundreds digit of 44984?
9
What is the tens digit of 404844?
4
What is the hundred thousands digit of 278007?
2
What is the tens digit of 473839?
3
What is the hundreds digit of 730835?
8
What is the units digit of 3519627?
7
What is the hundreds digit of 655633?
6
What is the thousands digit of 1338196?
8
What is the units digit of 214443?
3
What is the tens digit of 2126571?
7
What is the units digit of 65258?
8
What is the tens digit of 1011112?
1
What is the thousands digit of 453032?
3
What is the tens digit of 650898?
9
What is the units digit of 3655541?
1
What is the hundreds digit of 2225133?
1
What is the hundred thousands digit of 542390?
5
What is the thousands digit of 827091?
7
What is the tens digit of 4803657?
5
What is the hundred thousands digit of 560969?
5
What is the units digit of 674077?
7
What is the tens digit of 147662?
6
What is the thousands digit of 5721894?
1
What is the tens digit of 5602?
0
What is the millions digit of 21966783?
1
What is the units digit of 403035?
5
What is the hundred thousands digit of 118036?
1
What is the tens digit of 20285114?
1
What is the hundred thousands digit of 5075414?
0
What is the units digit of 2101037?
7
What is the thousands digit of 180235?
0
What is the ten thousands digit of 85418?
8
What is the hundreds digit of 950419?
4
What is the hundreds digit of 8003121?
1
What is the millions digit of 10186668?
0
What is the units digit of 4825294?
4
What is the tens digit of 964493?
9
What is the units digit of 561775?
5
What is the ten thousands digit of 4334964?
3
What is the tens digit of 197205?
0
What is the ten thousands digit of 2841783?
4
What is the thousands digit of 8838628?
8
What is the hundred thousands digit of 1060394?
0
What is the units digit of 12189490?
0
What is the hundred thousands digit of 250852?
2
What is the units digit of 2370382?
2
What is the thousands digit of 358009?
8
What is the units digit of 134348?
8
What is the ten thousands digit of 2801985?
0
What is the thousands digit of 2419804?
9
What is the thousands digit of 628098?
8
What is the ten thousands digit of 2300973?
0
What is the millions digit of 2599946?
2
What is the ten millions digit of 10785012?
1
What is the units digit of 196805?
5
What is the hundred thousands digit of 15830810?
8
What is the thousands digit of 399568?
9
What is the tens digit of 10107210?
1
What is the tens digit of 9946817?
1
What is the tens digit of 4561313?
1
What is the thousands digit of 9154035?
4
What is the ten thousands digit of 229358?
2
What is the units digit of 694884?
4
What is the thousands digit of 2518272?
8
What is the thousands digit of 172766?
2
What is the thousands digit of 22250?
2
What is the ten thousands digit of 116923?
1
What is the tens digit of 13633654?
5
What is the ten thousands digit of 4991205?
9
What is the thousands digit of 637234?
7
What is the thousands digit of 6767512?
7
What is the hundred thousands digit of 364796?
3
What is the hundreds digit of 607795?
7
What is the units digit of 109165?
5
What is the tens digit of 23177935?
3
What is the units digit of 335307?
7
What is the ten thousands digit of 4821170?
2
What is the hundreds digit of 40847974?
9
What is the thousands digit of 15798238?
8
What is the tens digit of 18189675?
7
What is the millions digit of 26465342?
6
What is the tens digit of 1323893?
9
What is the thousands digit of 145402?
5
What is the hundreds digit of 2299427?
4
What is the hundred thousands digit of 11129912?
1
What is the hundred thousands digit of 5490477?
4
What is the units digit of 2326564?
4
What is the ten thousands digit of 183161?
8
What is the thousands digit of 1259862?
9
What is the ten millions digit of 13950873?
1
What is the ten thousands digit of 388511?
8
What is the hundred thousands digit of 368100?
3
What is the hundred thousands digit of 1510950?
5
What is the millions digit of 24927530?
4
What is the millions digit of 19381892?
9
What is the hundred thousands digit of 300262?
3
What is the ten thousands digit of 2773387?
7
What is the tens digit of 5621129?
2
What is the units digit of 376784?
4
What is the units digit of 4618526?
6
What is the tens digit of 423172?
7
What is the hundreds digit of 3967946?
9
What is the hundreds digit of 508752?
7
What is the units digit of 6005947?
7
What is the millions digit of 17580212?
7
What is the ten thousands digit of 843008?
4
What is the tens digit of 77582?
8
What is the units digit of 4646773?
3
What is the thousands digit of 99307?
9
What is the tens digit of 18522?
2
What is the hundred thousands digit of 10529458?
5
What is the u